?
6
What is the units digit of 70524711?
1
What is the thousands digit of 769835134?
5
What is the thousands digit of 1288510920?
0
What is the units digit of 49422441?
1
What is the hundreds digit of 61607948?
9
What is the tens digit of 88990265?
6
What is the thousands digit of 185496248?
6
What is the thousands digit of 4125582673?
2
What is the hundred millions digit of 766268787?
7
What is the hundred thousands digit of 1262608473?
6
What is the units digit of 113007735?
5
What is the hundred thousands digit of 289289070?
2
What is the ten millions digit of 341841942?
4
What is the hundreds digit of 44570287?
2
What is the tens digit of 1485778290?
9
What is the units digit of 278170550?
0
What is the millions digit of 13303463?
3
What is the hundreds digit of 1083052825?
8
What is the hundred millions digit of 1116173977?
1
What is the thousands digit of 303657824?
7
What is the hundreds digit of 30549731?
7
What is the units digit of 1003690113?
3
What is the thousands digit of 640499338?
9
What is the hundreds digit of 1227834501?
5
What is the tens digit of 540227618?
1
What is the hundreds digit of 348245685?
6
What is the tens digit of 38022419?
1
What is the ten millions digit of 14634238?
1
What is the thousands digit of 932824357?
4
What is the ten millions digit of 4099273686?
9
What is the units digit of 35183831?
1
What is the hundred millions digit of 241432431?
2
What is the millions digit of 30757840?
0
What is the thousands digit of 2121582659?
2
What is the hundreds digit of 121489245?
2
What is the hundred millions digit of 258295494?
2
What is the hundred thousands digit of 3094426650?
4
What is the millions digit of 235390818?
5
What is the ten thousands digit of 208584879?
8
What is the hundred thousands digit of 19739066?
7
What is the millions digit of 55446668?
5
What is the ten millions digit of 287852239?
8
What is the ten thousands digit of 56600262?
0
What is the tens digit of 9627240?
4
What is the ten thousands digit of 42980619?
8
What is the billions digit of 3457716807?
3
What is the ten thousands digit of 835089418?
8
What is the millions digit of 2984088935?
4
What is the ten thousands digit of 23067327?
6
What is the thousands digit of 13795454?
5
What is the units digit of 124566357?
7
What is the tens digit of 104463807?
0
What is the thousands digit of 2668338723?
8
What is the units digit of 19461837?
7
What is the ten thousands digit of 89987363?
8
What is the hundred thousands digit of 454579870?
5
What is the thousands digit of 245039367?
9
What is the tens digit of 8081439?
3
What is the hundreds digit of 176124458?
4
What is the tens digit of 1653045259?
5
What is the millions digit of 122926286?
2
What is the hundred thousands digit of 220435?
2
What is the hundreds digit of 980409502?
5
What is the hundred thousands digit of 55510966?
5
What is the millions digit of 167964087?
7
What is the hundred millions digit of 9010032347?
0
What is the thousands digit of 582468528?
8
What is the millions digit of 152420333?
2
What is the ten millions digit of 9017865998?
1
What is the hundreds digit of 670881882?
8
What is the hundred millions digit of 111166284?
1
What is the hundreds digit of 131915120?
1
What is the tens digit of 870438004?
0
What is the ten millions digit of 29007209?
2
What is the ten thousands digit of 613792528?
9
What is the ten millions digit of 56819222?
5
What is the hundred millions digit of 909756432?
9
What is the units digit of 1665183938?
8
What is the ten millions digit of 1858183514?
5
What is the hundred thousands digit of 71757280?
7
What is the thousands digit of 2192919?
2
What is the tens digit of 388499149?
4
What is the ten thousands digit of 1159377763?
7
What is the tens digit of 152558875?
7
What is the thousands digit of 210501970?
1
What is the ten millions digit of 55213871?
5
What is the thousands digit of 609554023?
4
What is the millions digit of 910054557?
0
What is the units digit of 7841779025?
5
What is the hundred thousands digit of 96004698?
0
What is the tens digit of 316972769?
6
What is the ten thousands digit of 91243884?
4
What is the billions digit of 1174262862?
1
What is the thousands digit of 3668232406?
2
What is the hundred millions digit of 568691281?
5
What is the millions digit of 130004662?
0
What is the tens digit of 27390506?
0
What is the units digit of 49115809?
9
What is the hundred millions digit of 101513685?
1
What is the ten thousands digit of 1277814643?
1
What is the millions digit of 919789791?
9
What is the hundred millions digit of 1344923039?
3
What is the hundreds digit of 405900314?
3
What is the ten millions digit of 2593867735?
9
What is the millions digit of 89513670?
9
What is the units digit of 87345984?
4
What is the hundred thousands digit of 1193741130?
7
What is the hundred thousands digit of 114835651?
8
What is the millions digit of 488271099?
8
What is the millions digit of 2416059529?
6
What is the thousands digit of 1289302928?
2
What is the hundred thousands digit of 182145163?
1
What is the hundred millions digit of 149881160?
1
What is the tens digit of 3156824856?
5
What is the ten thousands digit of 1392023154?
2
What is the hundred thousands digit of 60861930?
8
What is the ten millions digit of 131830606?
3
What is the ten thousands digit of 12429392?
2
What is the thousands digit of 3758338578?
8
What is the hundred thousands digit of 22639568?
6
What is the tens digit of 181314680?
8
What is the tens digit of 244908417?
1
What is the thousands digit of 463499302?
9
What is the units digit of 125177205?
5
What is the thousands digit of 107003031?
3
What is the millions digit of 72324152?
2
What is the hundred millions digit of 781741783?
7
What is the ten thousands digit of 26423545?
2
What is the ten thousands digit of 70553644?
5
What is the hundreds digit of 1264763841?
8
What is the hundreds digit of 841490115?
1
What is the millions digit of 88414671?
8
What is the ten thousands digit of 218404074?
0
What is the units digit of 106158465?
5
What is the ten millions digit of 2219961278?
1
What is the hundreds digit of 45054176?
1
What is the hundred thousands digit of 251572659?
5
What is the billions digit of 1401901849?
1
What is the ten millions digit of 393068429?
9
What is the millions digit of 152687380?
2
What is the millions digit of 270969173?
0
What is the tens digit of 4264704?
0
What is the millions digit of 1505884048?
5
What is the tens digit of 1066480253?
5
What is the ten millions digit of 3246307040?
4
What is the tens digit of 395240285?
8
What is the hundreds digit of 757699999?
9
What is the ten millions digit of 16086249?
1
What is the hundred thousands digit of 807978225?
9
What is the ten thousands digit of 35751287?
5
What is the ten thousands digit of 2057279716?
7
What is the hundred thousands digit of 8096457?
0
What is the ten millions digit of 1804022863?
0
What is the hundred millions digit of 537361695?
5
What is the ten millions digit of 359229017?
5
What is the millions digit of 130704295?
0
What is the units digit of 101447957?
7
What is the billions digit of 1230422015?
1
What is the ten thousands digit of 29805391?
0
What is the hundreds digit of 86492784?
7
What is the ten millions digit of 584859849?
8
What is the hundred thousands digit of 262409658?
4
What is the tens digit of 2263198422?
2
What is the hundreds digit of 425800611?
6
What is the thousands digit of 32405127?
5
What is the hundreds digit of 73914322?
3
What is the ten thousands digit of 17256328?
5
What is the tens digit of 409366252?
5
What is the units digit of 207314969?
9
What is the hundred thousands digit of 4775765507?
7
What is the thousands digit of 30950527?
0
What is the hundred thousands digit of 43113651?
1
What is the units digit of 7049427503?
3
What is the hundred millions digit of 1912542054?
9
What is the units digit of 16573913?
3
What is the ten thousands digit of 470116145?
1
What is the units digit of 539414867?
7
What is the millions digit of 2981186757?
1
What is the millions digit of 71637735?
1
What is the millions digit of 4308406437?
8
What is the units digit of 37029690?
0
What is the ten thousands digit of 254375266?
7
What is the tens digit of 4067452